emainder when 86189 is divided by 653.
646
What is the remainder when 144715 is divided by 16?
11
Calculate the remainder when 3081639 is divided by 3081625.
14
Calculate the remainder when 248699 is divided by 8151.
4169
Calculate the remainder when 72959673 is divided by 24319888.
9
Calculate the remainder when 72069144 is divided by 267915.
9
What is the remainder when 51782863 is divided by 749?
748
What is the remainder when 63138562 is divided by 16991?
6
What is the remainder when 10330924 is divided by 16?
12
What is the remainder when 30699 is divided by 14025?
2649
Calculate the remainder when 7884544 is divided by 265.
264
Calculate the remainder when 4819044 is divided by 283473.
3
Calculate the remainder when 26286126 is divided by 641.
639
What is the remainder when 596417 is divided by 13552?
129
Calculate the remainder when 21344843 is divided by 41.
38
What is the remainder when 350541055 is divided by 3968?
3967
What is the remainder when 7043029 is divided by 9?
7
What is the remainder when 6655157 is divided by 9562?
5
What is the remainder when 4534959 is divided by 2402?
2385
What is the remainder when 2037020 is divided by 5706?
5684
Calculate the remainder when 31898 is divided by 114.
92
Calculate the remainder when 2634804 is divided by 299.
16
Calculate the remainder when 101514 is divided by 20195.
539
Calculate the remainder when 5539595 is divided by 1954.
5
Calculate the remainder when 30538329 is divided by 2948.
2945
Calculate the remainder when 6200124 is divided by 333.
330
What is the remainder when 83155 is divided by 20094?
2779
What is the remainder when 3550 is divided by 595?
575
What is the remainder when 12615 is divided by 2066?
219
What is the remainder when 7808143 is divided by 927?
22
What is the remainder when 33971315 is divided by 33971304?
11
What is the remainder when 958688 is divided by 43576?
16
Calculate the remainder when 95727 is divided by 4162.
1
What is the remainder when 2181693 is divided by 94855?
28
What is the remainder when 3044707 is divided by 517?
94
What is the remainder when 864462 is divided by 5763?
12
What is the remainder when 258257 is divided by 14226?
2189
Calculate the remainder when 981916 is divided by 119.
47
What is the remainder when 6152701 is divided by 3904?
3901
What is the remainder when 332953 is divided by 1168?
73
Calculate the remainder when 85474 is divided by 55.
4
What is the remainder when 146576 is divided by 58?
10
Calculate the remainder when 923459 is divided by 3099.
3056
What is the remainder when 20239 is divided by 8704?
2831
Calculate the remainder when 942630 is divided by 1901.
1635
What is the remainder when 149525351 is divided by 13593213?
8
Calculate the remainder when 102140 is divided by 529.
43
Calculate the remainder when 2771112 is divided by 11691.
345
What is the remainder when 3530531 is divided by 150?
131
Calculate the remainder when 2003192 is divided by 393.
71
Calculate the remainder when 114479 is divided by 114161.
318
What is the remainder when 71256 is divided by 766?
18
Calculate the remainder when 4754203 is divided by 57978.
7
What is the remainder when 142768 is divided by 10181?
234
Calculate the remainder when 791780058 is divided by 183.
180
What is the remainder when 5585421 is divided by 238?
37
What is the remainder when 175284 is divided by 8230?
2454
What is the remainder when 5899083 is divided by 104?
99
What is the remainder when 385732 is divided by 128436?
424
Calculate the remainder when 8273876 is divided by 1191.
1190
Calculate the remainder when 75685 is divided by 1543.
78
Calculate the remainder when 1855292 is divided by 4615.
62
Calculate the remainder when 1034090798 is divided by 925.
923
What is the remainder when 3353370 is divided by 34?
18
Calculate the remainder when 80029999 is divided by 2054.
2051
Calculate the remainder when 455895 is divided by 1965.
15
What is the remainder when 349677 is divided by 93?
90
What is the remainder when 397469 is divided by 866?
841
Calculate the remainder when 20200893 is divided by 1420.
1393
Calculate the remainder when 687260 is divided by 68718.
80
Calculate the remainder when 1711786 is divided by 171177.
16
Calculate the remainder when 69940 is divided by 518.
10
Calculate the remainder when 7466991 is divided by 196497.
105
Calculate the remainder when 3987 is divided by 851.
583
Calculate the remainder when 60234 is divided by 12022.
124
What is the remainder when 65919317 is divided by 145?
142
Calculate the remainder when 24507309 is divided by 16.
13
What is the remainder when 119618 is divided by 59491?
636
What is the remainder when 96550 is divided by 2910?
520
Calculate the remainder when 8234351 is divided by 6646.
6603
Calculate the remainder when 244742 is divided by 2879.
27
Calculate the remainder when 22715954 is divided by 11357973.
8
What is the remainder when 2376924 is divided by 19644?
0
Calculate the remainder when 1360860 is divided by 99.
6
What is the remainder when 43352 is divided by 14042?
1226
Calculate the remainder when 324593966 is divided by 57.
56
Calculate the remainder when 499372 is divided by 14.
6
What is the remainder when 27249095 is divided by 66951?
38
Calculate the remainder when 991327 is divided by 70808.
15
What is the remainder when 50220 is divided by 16617?
369
Calculate the remainder when 530465 is divided by 1848.
89
What is the remainder when 2144736 is divided by 12326?
12
Calculate the remainder when 288758 is divided by 41220.
218
What is the remainder when 197591 is divided by 17958?
53
Calculate the remainder when 1070526 is divided by 356838.
12
What is the remainder when 4432211 is divided by 4150?
11
What is the remainder when 508221429 is divided by 269?
267
Calculate the remainder when 33790720 is divided by 3981.
3973
What is the remainder when 957744 is divided by 159525?
594
Calculate the remainder when 47195 is divided by 73.
37
What is the remainder when 72220 is divided by 1059?
208
Calculate the remainder when 9946948 is divided by 18732.
256
What is the remainder when 243106 is divided by 60695?
326
What is the remainder when 166850 is divided by 5954?
138
What is the remainder when 36534123 is divided by 1178520?
3
What is the remainder when 17975142 is divided by 58?
14
Calculate the remainder when 1979251 is divided by 68250.
1
What is the remainder when 1257472 is divided by 314299?
276
Calculate the remainder when 291962 is divided by 441.
20
What is the remainder when 40814 is divided by 13385?
659
What is the remainder when 36526 is divided by 17968?
590
Calculate the remainder when 513114 is divided by 1286.
0
Calculate the remainder when 13039371 is divided by 798.
51
What is the remainder when 477261245 is divided by 116?
9
What is the remainder when 2900448 is divided by 966736?
240
Calculate the remainder when 18362878 is divided by 2704.
14
Calculate the remainder when 1181614 is divided by 41.
35
Calculate the remainder when 45458250 is divided by 192.
138
Calculate the remainder when 15313636 is divided by 528056.
12
Calculate the remainder when 65074219 is divided by 1083.
1081
What is the remainder when 11512 is divided by 2199?
517
What is the remainder when 470865 is divided by 156884?
213
Calculate the remainder when 19960 is divided by 4966.
96
What is the remainder when 912090 is divided by 236?
186
What is the remainder when 43967712 is divided by 1419?
1416
What is the remainder when 146568 is divided by 46898?
5874
Calculate the remainder when 1138282 is divided by 399.
334
What is the remainder when 33111077 is divided by 2932?
1
What is the remainder when 9838 is divided by 9426?
412
What is the remainder when 148623 is divided by 37077?
315
What is the remainder when 67463 is divided by 5081?
1410
What is the remainder when 72963 is divided by 481?
332
Calculate the remainder when 45284 is divided by 10790.
2124
Calculate the remainder when 3423170 is divided by 967.
957
What is the remainder when 1011144 is divided by 975?
69
What is the remainder when 691945 is divided by 138299?
450
What is the remainder when 103121 is divided by 51201?
719
What is the remainder when 1755752 is divided by 3?
2
What is the remainder when 79470 is divided 